ose 2*m + 40 = 32. Let x(u) = -59*u - 196. List the prime factors of x(m).
2, 5
Let n = -409 - -315. Let i = 460 + n. List the prime factors of i.
2, 3, 61
Let c be (15/5 - -2) + 3. Suppose 50 - c = -3*g. List the prime factors of (-9)/(-21) - 1940/g.
139
Let f = 9678 + -5142. What are the prime factors of f?
2, 3, 7
Let f(q) = -q**3 - 2*q**2 + q. Let a(z) = -5*z**3 + 30*z + 5 + 5*z**2 + 57*z - 44*z. Let u(g) = a(g) - 6*f(g). What are the prime factors of u(-12)?
281
Suppose 4*m - 2*v = -90, -3*v = -m + 2*v - 9. Let y be m/16*966/(-9). Suppose 4*p + 166 = 4*l + 6*p, -p + y = 4*l. What are the prime factors of l?
3, 13
Let a(s) = -s**3 - 10*s**2 - 3*s - 1. Let n be a(-10). Let l(w) = -7 - 5*w**3 - 54*w + n*w + 21*w. What are the prime factors of l(-2)?
41
Suppose -56*w = -45*w - 2948. Let f = 622 - w. List the prime factors of f.
2, 3, 59
Suppose -313*p = -3*h - 314*p + 86985, 145015 = 5*h - 5*p. List the prime factors of h.
107, 271
Let n(t) = 6*t**3 - 7*t**2 - 6*t + 140. What are the prime factors of n(7)?
7, 37
Suppose 2*l - 10*b - 25110 = -14*b, -5*l + b = -62742. List the prime factors of l.
3, 47, 89
Let x = -1111 + 1846. Let l = 1701 - x. What are the prime factors of l?
2, 3, 7, 23
Let g(s) = -s**2 + 10*s - 7. Let u(p) = 2*p**2 - 11*p + 8. Let c(a) = -4*g(a) - 3*u(a). Let w be c(6). List the prime factors of 393/((-121)/w - (-2)/5).
2, 131
Let c(z) = z**2 - 24*z - 213. Let w be c(-7). Suppose i - k = 129 + 999, -k = w*i - 4492. List the prime factors of i.
2, 281
Suppose 0 = t + 6, 10224 = -59*j + 60*j + 5*t. List the prime factors of j.
2, 3, 1709
Let w(j) = 126*j**2 - j - 5. Let l be w(3). Suppose -360 = -4*f + 3*n + l, n - 2 = 0. List the prime factors of f.
373
Let o(n) = -2*n**2 - 51*n + 13. Suppose -4*h = d + 65 + 17, -3*h = d + 61. What are the prime factors of o(h)?
2, 101
Suppose -19 = 3*l - 13. Let g be -745*l/10 + -4 + 1. Let t = 220 - g. List the prime factors of t.
2, 37
Suppose 166333 - 41876 = 28*g - 541075. List the prime factors of g.
3, 19, 139
Let i = -24 - -28. Suppose -5*u + 154 = i*z, -4*z = -u - 0*u + 26. What are the prime factors of 255/3*12/u?
2, 17
Let d(f) be the third derivative of f**6/40 + f**5/20 + f**4/4 - 3*f**3/2 + 7*f**2 + 7*f. What are the prime factors of d(5)?
3, 157
Let w(s) = -s**2 - 7*s - 7. Let d be w(-4). Let n(t) = 66 - 35 + 22*t - 33. List the prime factors of n(d).
2, 3
Let p = -3 + 9. Let o(n) = -7*n**3 + 0*n**3 + p*n**3 - 7*n**2 - 7*n + 6. What are the prime factors of o(-7)?
5, 11
Suppose 3*b = -5*p + 340, -157 = -b - 3*p - 45. Let g = b + -37. List the prime factors of g.
2, 3, 13
Let j = -1021 - -721. Let q(f) = -f**3 + 16*f**2 + 17*f - 200. Let r be q(14). Let d = r + j. List the prime factors of d.
2, 5, 13
Suppose 4*o = -3*r - 144, 5*r - 7*o + 214 = -5*o. What are the prime factors of 4*((-322)/r - (-10)/55)?
2, 3, 5
Suppose 9*r + 1357 = -14*r. Suppose 2*v - 535 = -3*v + g, 5*g = -2*v + 214. Let t = v + r. What are the prime factors of t?
2, 3
List the prime factors of ((-1269)/(-2))/((-633)/(-39668)).
2, 3, 47
Let b = 89 - 82. Suppose -b*j = -182 - 455. List the prime factors of j.
7, 13
Suppose 23*b - 17*b - 162 = 0. Suppose -b*l + 20*l = -4767. List the prime factors of l.
3, 227
Let s = -178 - -184. Suppose -s*c + 654 = -174. List the prime factors of c.
2, 3, 23
Let u(t) = 3*t**2 + 2*t + 1. Let r be u(-3). Let i be ((-1)/(-2)*r)/(7 - 6). Suppose 770 + 352 = i*x. What are the prime factors of x?
2, 3, 17
Let s(k) = k**2 - 31*k + 134. Let v be s(5). Suppose -2*c + 384 = 3*f - 0*f, 3*f + 804 = v*c. What are the prime factors of c?
2, 3, 11
Let h be (-14 - -14) + -4 + 3 + 2407. Suppose -h = -6*j - 150. List the prime factors of j.
2, 47
What are the prime factors of -8 + 250/35 - 46950/(-42)?
1117
Let z be ((-2)/4)/(12/(-240)) + -1. Let b be (-6)/z - 10/(-15). Suppose 248 = 2*k + 4*n, 9 = -b*n - 3*n. List the prime factors of k.
2, 5, 13
Suppose -3111270 = -140*u - 134*u. What are the prime factors of u?
3, 5, 757
Let u(v) = -33*v**2 - 12*v + 14. Let f(p) = p + 1. Let g(r) = 4*f(r) - u(r). What are the prime factors of g(-5)?
3, 5, 7
Suppose 4*x + 2*i - 13484 = 2664, -2*i - 4 = 0. What are the prime factors of x?
2, 3, 673
Suppose -2*q = f - 3343, -15*q - 1673 = -16*q - f. List the prime factors of q.
2, 5, 167
Suppose -266*c + 2142569 = 89049. List the prime factors of c.
2, 5, 193
Let n be (0/(-5) - -1)*-5 - -2249. Let h = -1398 + n. What are the prime factors of h?
2, 3, 47
Let s = -234 - -236. List the prime factors of s*((-394)/(-2) + -6).
2, 191
Suppose -6 = -i + 2*s, i - s + 6 = -5*s. Suppose 2*c + 4*m + 32 = -20, -5*c - 178 = -i*m. What are the prime factors of (-12)/1*17/c?
2, 3
Suppose -4202 - 3068 = 5*a. Let d = 2264 + a. Suppose d = -w + 6*w. What are the prime factors of w?
2, 3
Let h = 34 - 42. Let p = h - -7. What are the prime factors of ((-32)/12)/p*(1 + 2)?
2
Suppose 41898 = 2603*o - 2599*o - k, 30 = 5*k. List the prime factors of o.
2, 3, 97
Suppose 13*t + 1317 + 191 = 0. Let n = -3 + -39. Let q = n - t. What are the prime factors of q?
2, 37
Suppose -50 = 2*s - 12*s. List the prime factors of (-73)/((s + 1)/(-6)).
73
Suppose 5*f - 19844 = -2*c, 4*c = f - 0*f - 3960. What are the prime factors of f?
2, 31
Suppose -2*q + 103 = 5*r, 136 = 4*q - 4*r - 0*r. Let x = 11 - q. What are the prime factors of (-1 - -6)*(1 - x)?
5, 29
Suppose 0 = -3*d + 3*w + 35415, -3*d + 26*w + 35397 = 20*w. What are the prime factors of d?
3, 31, 127
What are the prime factors of ((-8667)/(-15) + -1)*350/28?
2, 5, 7, 103
Suppose -12*q - q = -676. Suppose 5*p + s - 35 = 0, 2*p - 2 - 12 = s. Suppose -p*t + 8*t = q. List the prime factors of t.
2, 13
Let l(o) = 28*o**3 + 9*o**2 - 27*o + 150. List the prime factors of l(9).
2, 3, 877
Let c(u) = -7*u**3 + 5*u**2 + 6*u + 3. Let q be c(-1). Suppose 4*s - 125 = 255. Let h = s + q. What are the prime factors of h?
2, 13
Let x(k) = -k**2 + 59*k - 56. List the prime factors of x(16).
2, 79
Let c(d) = 13*d + 6*d + 41*d - 5*d - 3. Let b be c(3). Suppose 0 = 2*k + b - 464. What are the prime factors of k?
151
Suppose 5*y - 8*y = -j - 1061, 3*y - 1077 = -3*j. Suppose 10 = 5*d - 0*d. Suppose -3*w = -0*q + d*q - y, 5*w - 3*q = 617. List the prime factors of w.
11
Let q(w) = -5*w + 41. Let s be q(-11). Suppose -z + 39 = -5*d, -2*z + 3*d + d + s = 0. List the prime factors of z.
2, 3
Let b(s) = s**2 + 15*s + 20. Let m be b(-13). What are the prime factors of 7840/126 + m/27?
2, 31
Let z(d) = d**3 - 12*d**2 - 2*d + 24. Let u be z(12). List the prime factors of (46 - 56)/(u - (-4)/(-62)).
5, 31
Suppose -5*r - 4*y = -2638, -5*y + 515 = -0*r + r. Suppose 20*z - 1770 = r. List the prime factors of z.
5, 23
Suppose 0 = i, 4*g - 42 - 206 = i. Let a = 65 - g. Suppose 0 = 3*u - 2*b - 112, -110 = -a*u + 6*b - 2*b. List the prime factors of u.
2, 19
Suppose 3*u - 5 = 5*b, -2*b = 4*u - 0*b + 2. List the prime factors of 327 + (u - -1) + -5.
17, 19
Suppose 237105 - 73437 = 46*a. What are the prime factors of a?
2, 3, 593
Let n(v) = -56*v + 29. Let c = 77 - 86. Let q be n(c). Suppose 5*j - q = -2*l, -3*l - 265 = -3*j + 38. List the prime factors of j.
3, 5, 7
Let z be (-43)/(-4) - (5 - (-63)/(-12)). Suppose -12*c = -z - 109. List the prime factors of c.
2, 5
Let r(q) = q**2 - 7*q + 16. Let g be r(4). Suppose k + 3*t - 416 - 451 = 0, g*k + 4*t - 3444 = 0. What are the prime factors of k?
2, 3, 11, 13
What are the prime factors of (-2 - -1)*1*-1059?
3, 353
Let t be (-60)/50*(-115)/3. Suppose 0 = -t*r + 42*r + 860. List the prime factors of r.
5, 43
Suppose 166*l - 657075 - 344901 = 0. What are the prime factors of l?
2, 3, 503
Suppose p = 5, f = -f + 2*p - 6. Let r(t) = -f*t - 15 + 2*t + 12*t - 11. List the prime factors of r(9).
2, 41
Let q = -6908 + 14188. List the prime factors of q.
2, 5, 7, 13
Suppose 5*p = 2*r - 14, -4*r + 66 = r + 3*p. Let d = 18 - r. Suppose -352 = -d*u + 512. What are the prime factors of u?
2, 3
Suppose 5*j + 18 + 2 = 0. Let r be (-2)/4*(-2)/j*-76. Let a = -2 + r. What are the prime factors of a?
17
Let c = 13611 + -4076. List the prime factors of c.
5, 1907
Suppose 3*k - 1150 = -4*u + 5*k, 4*k = 2*u - 560. Suppose 893 = -20*d - 3187. Let w = u + d. What are the prime factors of w?
2, 43
Let p(k) = -31*k + 61. Let u be p(-23). Let f = 1644 -